{"id":500,"date":"2020-02-15T23:20:38","date_gmt":"2020-02-15T22:20:38","guid":{"rendered":"http:\/\/kgv-klosterkamp.de\/?page_id=500"},"modified":"2020-02-16T00:52:31","modified_gmt":"2020-02-15T23:52:31","slug":"infos","status":"publish","type":"page","link":"http:\/\/kgv-klosterkamp.de\/?page_id=500","title":{"rendered":"Infos"},"content":{"rendered":"\n<h1 class=\"wp-block-heading\">Ruhezeiten<\/h1>\n\n\n\n<p>Die Ruhezeiten sind:<\/p>\n\n\n\n<ul><li>Sonn- und Feiertage (Sonntagsruhe)<\/li><li>an Werktagen die Zeiten von 13:00 bis 15:00 Uhr (Mittagsruhe), 20:00 bis 7:00 Uhr (Nachtruhe)<\/li><\/ul>\n\n\n\n<p>W\u00e4hrend dieser Ruhezeiten sind Arbeiten im Freien mit Ger\u00e4ten und Maschinen nach dem Anhang der Ger\u00e4te- und Maschinenl\u00e4rmschutzverordnung -(wie Rasenm\u00e4her, Heckenscheren, Vertikutierer, Schredder\/Zerkleinerer, etc.) sowie mit sonstigen motorbetriebenen Handwerks- und Gartenger\u00e4ten   (z. B. S\u00e4gen, Schleifmaschinen u.a.) verboten.<br><br>Neben dem o. g. Verbot ist zus\u00e4tzlich in den Zeiten von 07:00 bis 09:00 Uhr sowie von 17:00 bis 20:00 Uhr der Betrieb von (Freischneidern,Laubbl\u00e4sern,Laubsammlern,Grastrimmern\/Graskantenschneidern) verboten.<\/p>\n\n\n\n<p class=\"has-medium-font-size\"><strong>Zeitpunkt des Heckenschnitts<\/strong><\/p>\n\n\n\n<p>Geschnitten werden darf vom <strong>01.10 bis zum 28\/29.02<\/strong><\/p>\n\n\n\n<p style=\"color:#ff0004\" class=\"has-text-color\">Am besten bei frostfreiem sonnigen Wetter und nicht unter\n-5&nbsp;\u00b0C.<\/p>\n\n\n\n<p>Es ist verboten Hecken, lebende Z\u00e4une, Geb\u00fcsche und\nandere Geh\u00f6lze&nbsp;<strong>in der Zeit vom 1. M\u00e4rz bis zum 30.\nSeptember<\/strong>&nbsp;abzuschneiden oder auf den Stock zu\nsetzen;&nbsp;zul\u00e4ssig sind schonende Form- und\nPflegeschnitte zur Beseitigung des Zuwachses der Pflanzen.<strong><\/strong><\/p>\n\n\n\n<p style=\"color:#ff0000\" class=\"has-text-color\"><strong>Vor dem Schnitt<\/strong>&nbsp;ist\ndie Hecke zu kontrollieren, ob sie als Brut-und Lebensraum (Nester) von wild- lebende\nTiere genutzt wird. In diesen F\u00e4llen ist der Schnitt zeitlich zu verschieben.<\/p>\n","protected":false},"excerpt":{"rendered":"<p>Ruhezeiten Die Ruhezeiten sind: Sonn- und Feiertage (Sonntagsruhe) an Werktagen die Zeiten von 13:00 bis 15:00 Uhr (Mittagsruhe), 20:00 bis 7:00 Uhr (Nachtruhe) W\u00e4hrend dieser Ruhezeiten sind Arbeiten im Freien mit Ger\u00e4ten und Maschinen nach dem Anhang der Ger\u00e4te- und Maschinenl\u00e4rmschutzverordnung -(wie Rasenm\u00e4her, Heckenscheren, Vertikutierer, Schredder\/Zerkleinerer, etc.) sowie mit sonstigen motorbetriebenen Handwerks- und Gartenger\u00e4ten (z. &hellip; <a href=\"http:\/\/kgv-klosterkamp.de\/?page_id=500\" class=\"more-link\"><span class=\"screen-reader-text\">Infos<\/span> weiterlesen <span class=\"meta-nav\">&rarr;<\/span><\/a><\/p>\n","protected":false},"author":1,"featured_media":508,"parent":0,"menu_order":0,"comment_status":"closed","ping_status":"closed","template":"page-templates\/full-width.php","meta":{"footnotes":""},"_links":{"self":[{"href":"http:\/\/kgv-klosterkamp.de\/index.php?rest_route=\/wp\/v2\/pages\/500"}],"collection":[{"href":"http:\/\/kgv-klosterkamp.de\/index.php?rest_route=\/wp\/v2\/pages"}],"about":[{"href":"http:\/\/kgv-klosterkamp.de\/index.php?rest_route=\/wp\/v2\/types\/page"}],"author":[{"embeddable":true,"href":"http:\/\/kgv-klosterkamp.de\/index.php?rest_route=\/wp\/v2\/users\/1"}],"replies":[{"embeddable":true,"href":"http:\/\/kgv-klosterkamp.de\/index.php?rest_route=%2Fwp%2Fv2%2Fcomments&post=500"}],"version-history":[{"count":4,"href":"http:\/\/kgv-klosterkamp.de\/index.php?rest_route=\/wp\/v2\/pages\/500\/revisions"}],"predecessor-version":[{"id":512,"href":"http:\/\/kgv-klosterkamp.de\/index.php?rest_route=\/wp\/v2\/pages\/500\/revisions\/512"}],"wp:featuredmedia":[{"embeddable":true,"href":"http:\/\/kgv-klosterkamp.de\/index.php?rest_route=\/wp\/v2\/media\/508"}],"wp:attachment":[{"href":"http:\/\/kgv-klosterkamp.de\/index.php?rest_route=%2Fwp%2Fv2%2Fmedia&parent=500"}],"curies":[{"name":"wp","href":"https:\/\/api.w.org\/{rel}","templated":true}]}}